e j = b*y - 206 - 171, y = j + 73. Calculate the remainder when y is divided by 26.
24
Suppose 2*t + 2*t = 16. Suppose 0 = -3*k + t*p + 127, 2*p + p = -2*k + 113. What is the remainder when k is divided by 17?
15
Let m = -53 + 57. Suppose 8*d - 10 = 3*d. What is the remainder when m is divided by d?
0
Suppose -5*h = 7*s - 2*s - 160, 5*h - 4*s = 160. Let j(c) = 3*c**3 - c**2 - 2*c + 1. Calculate the remainder when h is divided by j(2).
15
Suppose 173 = 4*n - 19. Calculate the remainder when 143 is divided by n.
47
Suppose 0 = -i + 4*i + 4*c, 0 = -2*c. Suppose 3*t - 6 = -i. Suppose -2*a = t*a - 60. What is the remainder when a is divided by 8?
7
Suppose 5*n - 4*w - w - 45 = 0, -n + 15 = 5*w. Calculate the remainder when 59 is divided by n.
9
Let z = -114 + 213. Calculate the remainder when z is divided by 26.
21
Let z(k) = -2*k - 9. Let y = -20 + 14. Calculate the remainder when z(y) is divided by 3.
0
What is the remainder when 81 is divided by ((-12)/(-15))/((-2)/30*-1)?
9
Let l = -4 + 28. Let c be (-2 + 2)/(-1) + 19. Suppose -4*w = -3*k - 0*w + c, -4*k - 2*w + 62 = 0. Calculate the remainder when l is divided by k.
11
Let w = 83 + -72. Calculate the remainder when 42 is divided by w.
9
Let k = -28 + 31. Calculate the remainder when 6 is divided by k.
0
Let w = -19 - -3. Let i = w - -27. What is the remainder when i is divided by 3?
2
Let c = 14 - 11. What is the remainder when (2/c)/((-7)/(-210)) is divided by 11?
9
Let g(i) = i + 31. Calculate the remainder when 74 is divided by g(-11).
14
Let z be (-73)/(-2) - (-2)/(-4). Let c = -13 + z. Suppose 2*m - 20 = 2*s, 3*m = -2*m - s + 62. What is the remainder when c is divided by m?
11
Suppose -4*r = 3*x - 98, -2*x - r + 3*r = -84. What is the remainder when x is divided by 14 + (-1 - (-2 + 2))?
12
Let l = -3 - -4. Let a(c) = c**3 + 8*c**2 + 6*c - 6. Calculate the remainder when a(-7) is divided by l.
0
Let q = 21 + -16. Let x(b) = -b**2 + 5*b + 2. What is the remainder when 5 is divided by x(q)?
1
Suppose -11 = -0*t - t. Suppose -8*h + 40 = -4*h. Calculate the remainder when t is divided by (-25)/h*(-12)/5.
5
Suppose 3*v = -4 + 67. Calculate the remainder when 39 is divided by v.
18
Let j = -13 - -4. Let u be (-30)/j*(2 + 1). Suppose s - 2*s = -u. Calculate the remainder when 29 is divided by s.
9
Calculate the remainder when (-31 - 0)*(2 - 3) is divided by 18.
13
Suppose 4*l - 207 = -3*q, 4*q - 2*q = l - 49. Calculate the remainder when l is divided by 11.
7
What is the remainder when (26/4)/((-13)/(-78)) is divided by 14?
11
Let h(g) = 29*g**2 - g. Let v be h(-1). Suppose 9*t - v = 7*t. Let q = 42 - -16. What is the remainder when q is divided by t?
13
Let z = 3 + 6. Let a(u) = -u**3 - 5*u**2 + 2*u + 2. Calculate the remainder when a(-6) is divided by z.
8
Calculate the remainder when 4/(-10) + (-7046)/(-65) is divided by 22.
20
Let a = 70 - 53. What is the remainder when 83 is divided by a?
15
Let l(k) = -k**3 + 5*k**2 + 3*k - 1. What is the remainder when l(5) is divided by 8?
6
Let x(y) = 4*y - 1. Let g be x(1). Suppose 0*n + 24 = g*n. What is the remainder when (-41)/(-3) + 4/12 is divided by n?
6
Let r = -45 - -63. What is the remainder when 47 is divided by r?
11
Let c be -1 - (6/(-2) + -1). Let t(u) = 3*u. Let r(o) = o + 9. What is the remainder when r(7) is divided by t(c)?
7
Suppose j - 120 = -2*j. Suppose -4*d + 2*s + j = 7*s, -3*s = 2*d - 22. What is the remainder when 8 is divided by d?
3
Let n = -25 + 27. Suppose n*c - 5*a - 33 = -0*c, c - 2*a - 15 = 0. Calculate the remainder when 25 is divided by c.
7
Let v = -1 + 14. Suppose o + 2*o = 3*y - 3, -o - 2*y = v. Let h(t) = -5*t - 7. What is the remainder when 34 is divided by h(o)?
16
Let h be (1 - 1) + (6 - 1). Calculate the remainder when h + (-3 - (-7 - -2)) is divided by 3.
1
Let i(v) = -v**3 + 31*v**2 + 34*v - 3. Calculate the remainder when i(32) is divided by 18.
7
Let o(j) = -j**3 + 4*j**2 - 3*j + 6. Let r be o(4). Let l = r - -6. Let s(i) = -i**2 + i + 12. What is the remainder when 22 is divided by s(l)?
10
Suppose -2700 = -22*p - 3*p. Calculate the remainder when p is divided by 19.
13
Suppose 2*i - 7 - 44 = -b, -227 = -5*b + 4*i. What is the remainder when 138 is divided by b?
44
Suppose 5*k + 12 = -4*w, 0*w - 14 = w + 4*k. Suppose -w*o + 0 - 16 = -5*m, -3*o = 9. Let n = m - -4. Calculate the remainder when 16 is divided by n.
4
Suppose -6 = -5*w + 9. Suppose f = 2*c + 8, 0*f - c = 3*f - w. Suppose p = -f*p + 2*o + 7, -o = -5*p + 7. Calculate the remainder when 2 is divided by p.
0
Suppose -3*k + 0*k + 25 = -5*f, -4*k + 2*f = -38. Let y = 16 + -27. Let p = y - -17. Calculate the remainder when k is divided by p.
4
Let w = -2 - -29. Suppose i + w = 2*j, 2*j - 15 - 22 = -i. What is the remainder when j is divided by 6?
4
Calculate the remainder when 45 is divided by (3 - (1 + 0)) + 14.
13
Calculate the remainder when ((-2)/(-5))/((-23)/(-5405)) is divided by 48.
46
Suppose -3 + 4 = -n, -o + 2*n + 47 = 0. What is the remainder when o is divided by 23?
22
Let j be (5/(-6))/((-1)/6). Suppose 6 + 24 = 3*v + b, j*v - 4*b = 67. What is the remainder when 31 is divided by v?
9
Suppose -2*m - 2*v + 86 = 0, -21 = -5*m + v + 176. Suppose 4*s = -i - 1 - 2, 2*s = -3*i + 41. Let z = i + -3. What is the remainder when m is divided by z?
12
Suppose 4 = b - 2. Let y = 10 - b. Suppose -5*i + v = 5*v - 19, -y*i + 40 = -3*v. What is the remainder when 20 is divided by i?
6
Let a = 3 - -11. What is the remainder when 53 is divided by a?
11
Suppose v + 5*w = 5, v + 5*w = -v + 15. Calculate the remainder when 2*-1*(-76)/8 is divided by v.
9
Suppose 0 = -b + 5*b - 12. Suppose b*u = 4*u - 14. Calculate the remainder when 53 is divided by u.
11
What is the remainder when 22 is divided by (14 + -25)*(-2)/(-2)*-1?
0
What is the remainder when 74 is divided by 2*(-4 - 108/(-8))?
17
Let r = 24 + -14. What is the remainder when 18 is divided by r?
8
Suppose 326 = 5*w + j, w + 2*j - j = 66. Calculate the remainder when w is divided by 17.
14
Let l be (-123 + 4)/(2/(-2)). Suppose -73 = -3*z - m - 3*m, 4*m - l = -5*z. What is the remainder when 67 is divided by z?
21
What is the remainder when 37 is divided by 7/1 + -2 + 5?
7
Let c be (-1)/5 + (-518)/10. Let p = -37 - c. Calculate the remainder when p is divided by 8.
7
Let y = -14 + 25. Suppose -2*c + 5*v + 55 = y, 0 = 5*c - 3*v - 91. What is the remainder when 30 is divided by c?
13
Let c = 74 + -52. Calculate the remainder when 43 is divided by c.
21
Let l be (-81)/(-12) + (-3)/(-12). Suppose -n + l = 3*f, -4*n + 2*f + 42 = -0*f. Calculate the remainder when 37 is divided by n.
7
Suppose 3*d = g + 2*g, -4*d - 24 = 4*g. Let y = g - -23. Calculate the remainder when 432/y + (-2)/(-5) is divided by 8.
6
Suppose -2*k + 40 = 3*k + 5*o, o = 5*k - 46. Calculate the remainder when 21 is divided by k.
3
Suppose -5*v = s - 42, -16 = -3*v + 5*s - s. Calculate the remainder when v is divided by 0 - -3*(1 + 0).
2
Suppose 54 = 6*g - 30. Calculate the remainder when 39 is divided by g.
11
Let s(l) = -l**3 + 6*l**2 - 5*l + 12. Calculate the remainder when s(5) is divided by 9.
3
Let f(z) = -3*z - 8. Let o be f(-6). Let n = 131 - 91. Let y = n - o. What is the remainder when y is divided by 8?
6
Let n(y) = 0*y + 5 - 4*y - 7 - 3*y + 2*y**2. Calculate the remainder when 24 is divided by n(5).
11
Let k(r) = r**3 - 8*r**2 + 8*r - 4. Let q be k(7). Let x be 0 - 9/q - 26. Let z = 10 - x. Calculate the remainder when z is divided by 10.
9
Let q(f) = f**2 + 13*f + 3. Calculate the remainder when 3 is divided by q(-13).
0
Let u = 6 + 4. Calculate the remainder when 49 is divided by (u - -2)*1 - 2.
9
Calculate the remainder when 72 is divided by 0/(-1) - (-29 - (-2 + -1)).
20
Suppose 5*a + 12 = 2*k, a - 6*a + 43 = 3*k. Calculate the remainder when k is divided by 5.
1
Let k = -45 - -119. Let o = 104 + -155. Let r = k + o. What is the remainder when r is divided by 12?
11
Suppose -4*j + 7*j = 21. Let f be 1 - (-94 - 2) - 2. Suppose f = 4*x + x. What is the remainder when x is divided by j?
5
Let u(z) = -z - 1. Let f = 26 + -19. Calculate the remainder when f is divided by u(-4).
1
Suppose 4*y + 49 = 153. Calculate the remainder when 103 is divided by y.
25
Let p = -31 + 5. Let w = -16 - p. Calculate the remainder when 18 is 